{"id":182,"date":"2025-08-26T16:32:09","date_gmt":"2025-08-26T16:32:09","guid":{"rendered":"https:\/\/zoozobra.com\/atobasart\/?post_type=product&#038;p=182"},"modified":"2025-08-26T16:32:10","modified_gmt":"2025-08-26T16:32:10","slug":"un-beso-junto-a-la-catedral","status":"publish","type":"product","link":"https:\/\/zoozobra.com\/atobasart\/producto\/un-beso-junto-a-la-catedral\/","title":{"rendered":"Un beso junto a la catedral"},"content":{"rendered":"<p>&nbsp;<br \/>\n<img loading=\"lazy\" decoding=\"async\" src=\"https:\/\/zoozobra.com\/atobasart\/wp-content\/uploads\/2025\/08\/Foto_Provisional_Coleccion34_Un-beso-junto-a-la-catedral_por-Victor-Atobas.png\" alt=\"\" width=\"1350\" height=\"1080\" class=\"aligncenter size-full wp-image-183\" srcset=\"https:\/\/zoozobra.com\/atobasart\/wp-content\/uploads\/2025\/08\/Foto_Provisional_Coleccion34_Un-beso-junto-a-la-catedral_por-Victor-Atobas.png 1350w, https:\/\/zoozobra.com\/atobasart\/wp-content\/uploads\/2025\/08\/Foto_Provisional_Coleccion34_Un-beso-junto-a-la-catedral_por-Victor-Atobas-300x240.png 300w, https:\/\/zoozobra.com\/atobasart\/wp-content\/uploads\/2025\/08\/Foto_Provisional_Coleccion34_Un-beso-junto-a-la-catedral_por-Victor-Atobas-1024x819.png 1024w, https:\/\/zoozobra.com\/atobasart\/wp-content\/uploads\/2025\/08\/Foto_Provisional_Coleccion34_Un-beso-junto-a-la-catedral_por-Victor-Atobas-768x614.png 768w, https:\/\/zoozobra.com\/atobasart\/wp-content\/uploads\/2025\/08\/Foto_Provisional_Coleccion34_Un-beso-junto-a-la-catedral_por-Victor-Atobas-416x333.png 416w\" sizes=\"auto, (max-width: 1350px) 100vw, 1350px\" \/><br \/>\n&nbsp;<\/p>\n<p>\u201cUn beso junto a la catedral\u201d, V\u00edctor Atobas, 2025<br \/>\nT\u00e9cnica: pintura acr\u00edlica<br \/>\nSoporte: lienzo sobre bastidor (81x65cm)<br \/>\nEstado: a la venta (precio: 800\u20ac, gastos de env\u00edo no incluidos)  <\/p>\n<p>&nbsp;<\/p>\n","protected":false},"excerpt":{"rendered":"<p>&nbsp; &nbsp; \u201cUn beso junto a la catedral\u201d, V\u00edctor Atobas, 2025 T\u00e9cnica: pintura acr\u00edlica Soporte: lienzo sobre bastidor (81x65cm) Estado: a la venta (precio: 800\u20ac, gastos de env\u00edo no incluidos) &nbsp;<\/p>\n","protected":false},"featured_media":183,"comment_status":"open","ping_status":"closed","template":"","meta":[],"product_brand":[],"product_cat":[20],"product_tag":[37,38],"class_list":{"0":"post-182","1":"product","2":"type-product","3":"status-publish","4":"has-post-thumbnail","6":"product_cat-pintura-tradicional","7":"product_tag-pintura","8":"product_tag-pintura-tradicional","9":"product_shipping_class-envio-nacional-espana-peninsular","11":"first","12":"instock","13":"sold-individually","14":"taxable","15":"shipping-taxable","16":"purchasable","17":"product-type-simple"},"jetpack_sharing_enabled":true,"_links":{"self":[{"href":"https:\/\/zoozobra.com\/atobasart\/wp-json\/wp\/v2\/product\/182","targetHints":{"allow":["GET"]}}],"collection":[{"href":"https:\/\/zoozobra.com\/atobasart\/wp-json\/wp\/v2\/product"}],"about":[{"href":"https:\/\/zoozobra.com\/atobasart\/wp-json\/wp\/v2\/types\/product"}],"replies":[{"embeddable":true,"href":"https:\/\/zoozobra.com\/atobasart\/wp-json\/wp\/v2\/comments?post=182"}],"wp:featuredmedia":[{"embeddable":true,"href":"https:\/\/zoozobra.com\/atobasart\/wp-json\/wp\/v2\/media\/183"}],"wp:attachment":[{"href":"https:\/\/zoozobra.com\/atobasart\/wp-json\/wp\/v2\/media?parent=182"}],"wp:term":[{"taxonomy":"product_brand","embeddable":true,"href":"https:\/\/zoozobra.com\/atobasart\/wp-json\/wp\/v2\/product_brand?post=182"},{"taxonomy":"product_cat","embeddable":true,"href":"https:\/\/zoozobra.com\/atobasart\/wp-json\/wp\/v2\/product_cat?post=182"},{"taxonomy":"product_tag","embeddable":true,"href":"https:\/\/zoozobra.com\/atobasart\/wp-json\/wp\/v2\/product_tag?post=182"}],"curies":[{"name":"wp","href":"https:\/\/api.w.org\/{rel}","templated":true}]}}