{"id":195,"date":"2025-09-09T15:45:47","date_gmt":"2025-09-09T15:45:47","guid":{"rendered":"https:\/\/zoozobra.com\/atobasart\/?post_type=product&#038;p=195"},"modified":"2025-09-09T15:45:47","modified_gmt":"2025-09-09T15:45:47","slug":"dos-peces-muerden-una-junjuma","status":"publish","type":"product","link":"https:\/\/zoozobra.com\/atobasart\/producto\/dos-peces-muerden-una-junjuma\/","title":{"rendered":"Dos peces muerden una j\u00fanjuma"},"content":{"rendered":"<p>&nbsp;<\/p>\n<p>Detalles:<\/p>\n<p>\u201cDos peces muerden una j\u00fanjuma\u201d, V\u00edctor Atobas, 2024<br \/>\nT\u00e9cnica: pintura acr\u00edlica<br \/>\nSoporte: lienzo sobre bastidor (50x60cm)<br \/>\nEstado: a la venta (precio: 700\u20ac, gastos de env\u00edo no incluidos)<\/p>\n<p>Fotograf\u00eda por Andr\u00e9s Ortega<\/p>\n<p>&nbsp;<\/p>\n","protected":false},"excerpt":{"rendered":"<p>&nbsp; Detalles: \u201cDos peces muerden una j\u00fanjuma\u201d, V\u00edctor Atobas, 2024 T\u00e9cnica: pintura acr\u00edlica Soporte: lienzo sobre bastidor (50x60cm) Estado: a la venta (precio: 700\u20ac, gastos de env\u00edo no incluidos) Fotograf\u00eda por Andr\u00e9s Ortega &nbsp;<\/p>\n","protected":false},"featured_media":196,"comment_status":"open","ping_status":"closed","template":"","meta":[],"product_brand":[],"product_cat":[20],"product_tag":[37,38],"class_list":{"0":"post-195","1":"product","2":"type-product","3":"status-publish","4":"has-post-thumbnail","6":"product_cat-pintura-tradicional","7":"product_tag-pintura","8":"product_tag-pintura-tradicional","9":"product_shipping_class-envio-nacional-espana-peninsular","11":"first","12":"instock","13":"sold-individually","14":"taxable","15":"shipping-taxable","16":"purchasable","17":"product-type-simple"},"jetpack_sharing_enabled":true,"_links":{"self":[{"href":"https:\/\/zoozobra.com\/atobasart\/wp-json\/wp\/v2\/product\/195","targetHints":{"allow":["GET"]}}],"collection":[{"href":"https:\/\/zoozobra.com\/atobasart\/wp-json\/wp\/v2\/product"}],"about":[{"href":"https:\/\/zoozobra.com\/atobasart\/wp-json\/wp\/v2\/types\/product"}],"replies":[{"embeddable":true,"href":"https:\/\/zoozobra.com\/atobasart\/wp-json\/wp\/v2\/comments?post=195"}],"wp:featuredmedia":[{"embeddable":true,"href":"https:\/\/zoozobra.com\/atobasart\/wp-json\/wp\/v2\/media\/196"}],"wp:attachment":[{"href":"https:\/\/zoozobra.com\/atobasart\/wp-json\/wp\/v2\/media?parent=195"}],"wp:term":[{"taxonomy":"product_brand","embeddable":true,"href":"https:\/\/zoozobra.com\/atobasart\/wp-json\/wp\/v2\/product_brand?post=195"},{"taxonomy":"product_cat","embeddable":true,"href":"https:\/\/zoozobra.com\/atobasart\/wp-json\/wp\/v2\/product_cat?post=195"},{"taxonomy":"product_tag","embeddable":true,"href":"https:\/\/zoozobra.com\/atobasart\/wp-json\/wp\/v2\/product_tag?post=195"}],"curies":[{"name":"wp","href":"https:\/\/api.w.org\/{rel}","templated":true}]}}