{"id":221,"date":"2025-10-07T16:51:21","date_gmt":"2025-10-07T16:51:21","guid":{"rendered":"https:\/\/zoozobra.com\/atobasart\/?post_type=product&#038;p=221"},"modified":"2025-10-07T16:51:21","modified_gmt":"2025-10-07T16:51:21","slug":"el-coletazo-de-un-pez","status":"publish","type":"product","link":"https:\/\/zoozobra.com\/atobasart\/producto\/el-coletazo-de-un-pez\/","title":{"rendered":"El coletazo de un pez"},"content":{"rendered":"<p><img loading=\"lazy\" decoding=\"async\" class=\"aligncenter size-full wp-image-222\" src=\"https:\/\/zoozobra.com\/atobasart\/wp-content\/uploads\/2025\/10\/Foto_Provisional_Coleccion36_El-coletazo-de-un-pez_por-Victor-Atobas.png\" alt=\"\" width=\"2229\" height=\"1950\" srcset=\"https:\/\/zoozobra.com\/atobasart\/wp-content\/uploads\/2025\/10\/Foto_Provisional_Coleccion36_El-coletazo-de-un-pez_por-Victor-Atobas.png 2229w, https:\/\/zoozobra.com\/atobasart\/wp-content\/uploads\/2025\/10\/Foto_Provisional_Coleccion36_El-coletazo-de-un-pez_por-Victor-Atobas-300x262.png 300w, https:\/\/zoozobra.com\/atobasart\/wp-content\/uploads\/2025\/10\/Foto_Provisional_Coleccion36_El-coletazo-de-un-pez_por-Victor-Atobas-1024x896.png 1024w, https:\/\/zoozobra.com\/atobasart\/wp-content\/uploads\/2025\/10\/Foto_Provisional_Coleccion36_El-coletazo-de-un-pez_por-Victor-Atobas-768x672.png 768w, https:\/\/zoozobra.com\/atobasart\/wp-content\/uploads\/2025\/10\/Foto_Provisional_Coleccion36_El-coletazo-de-un-pez_por-Victor-Atobas-1536x1344.png 1536w\" sizes=\"auto, (max-width: 2229px) 100vw, 2229px\" \/><\/p>\n<p>\u201cEl coletazo de un pez\u201d, V\u00edctor Atobas, 2025<br \/>\nT\u00e9cnica: pintura acr\u00edlica<br \/>\nSoporte: lienzo sobre bastidor (80x70cm)<br \/>\nEstado: a la venta (precio: 800\u20ac, gastos de env\u00edo no incluidos)<\/p>\n<p>&nbsp;<\/p>\n","protected":false},"excerpt":{"rendered":"<p>\u201cEl coletazo de un pez\u201d, V\u00edctor Atobas, 2025 T\u00e9cnica: pintura acr\u00edlica Soporte: lienzo sobre bastidor (80x70cm) Estado: a la venta (precio: 800\u20ac, gastos de env\u00edo no incluidos) &nbsp;<\/p>\n","protected":false},"featured_media":222,"comment_status":"open","ping_status":"closed","template":"","meta":[],"product_brand":[],"product_cat":[20],"product_tag":[37],"class_list":{"0":"post-221","1":"product","2":"type-product","3":"status-publish","4":"has-post-thumbnail","6":"product_cat-pintura-tradicional","7":"product_tag-pintura","8":"product_shipping_class-envio-nacional-espana-peninsular","10":"first","11":"instock","12":"sold-individually","13":"taxable","14":"shipping-taxable","15":"purchasable","16":"product-type-simple"},"jetpack_sharing_enabled":true,"_links":{"self":[{"href":"https:\/\/zoozobra.com\/atobasart\/wp-json\/wp\/v2\/product\/221","targetHints":{"allow":["GET"]}}],"collection":[{"href":"https:\/\/zoozobra.com\/atobasart\/wp-json\/wp\/v2\/product"}],"about":[{"href":"https:\/\/zoozobra.com\/atobasart\/wp-json\/wp\/v2\/types\/product"}],"replies":[{"embeddable":true,"href":"https:\/\/zoozobra.com\/atobasart\/wp-json\/wp\/v2\/comments?post=221"}],"wp:featuredmedia":[{"embeddable":true,"href":"https:\/\/zoozobra.com\/atobasart\/wp-json\/wp\/v2\/media\/222"}],"wp:attachment":[{"href":"https:\/\/zoozobra.com\/atobasart\/wp-json\/wp\/v2\/media?parent=221"}],"wp:term":[{"taxonomy":"product_brand","embeddable":true,"href":"https:\/\/zoozobra.com\/atobasart\/wp-json\/wp\/v2\/product_brand?post=221"},{"taxonomy":"product_cat","embeddable":true,"href":"https:\/\/zoozobra.com\/atobasart\/wp-json\/wp\/v2\/product_cat?post=221"},{"taxonomy":"product_tag","embeddable":true,"href":"https:\/\/zoozobra.com\/atobasart\/wp-json\/wp\/v2\/product_tag?post=221"}],"curies":[{"name":"wp","href":"https:\/\/api.w.org\/{rel}","templated":true}]}}