{"id":265,"date":"2025-12-10T17:17:56","date_gmt":"2025-12-10T17:17:56","guid":{"rendered":"https:\/\/zoozobra.com\/atobasart\/?post_type=product&#038;p=265"},"modified":"2025-12-10T17:17:56","modified_gmt":"2025-12-10T17:17:56","slug":"un-pajaro-consigna","status":"publish","type":"product","link":"https:\/\/zoozobra.com\/atobasart\/producto\/un-pajaro-consigna\/","title":{"rendered":"Un p\u00e1jaro consigna"},"content":{"rendered":"<p><img loading=\"lazy\" decoding=\"async\" src=\"https:\/\/zoozobra.com\/atobasart\/wp-content\/uploads\/2025\/12\/Foto_Provisional_Coleccion42_Un-pajaro-consigna_por-Victor-Atobas-881x1024.png\" alt=\"\" width=\"881\" height=\"1024\" class=\"aligncenter size-large wp-image-266\" srcset=\"https:\/\/zoozobra.com\/atobasart\/wp-content\/uploads\/2025\/12\/Foto_Provisional_Coleccion42_Un-pajaro-consigna_por-Victor-Atobas-881x1024.png 881w, https:\/\/zoozobra.com\/atobasart\/wp-content\/uploads\/2025\/12\/Foto_Provisional_Coleccion42_Un-pajaro-consigna_por-Victor-Atobas-258x300.png 258w, https:\/\/zoozobra.com\/atobasart\/wp-content\/uploads\/2025\/12\/Foto_Provisional_Coleccion42_Un-pajaro-consigna_por-Victor-Atobas-768x892.png 768w, https:\/\/zoozobra.com\/atobasart\/wp-content\/uploads\/2025\/12\/Foto_Provisional_Coleccion42_Un-pajaro-consigna_por-Victor-Atobas-1322x1536.png 1322w, https:\/\/zoozobra.com\/atobasart\/wp-content\/uploads\/2025\/12\/Foto_Provisional_Coleccion42_Un-pajaro-consigna_por-Victor-Atobas-1763x2048.png 1763w, https:\/\/zoozobra.com\/atobasart\/wp-content\/uploads\/2025\/12\/Foto_Provisional_Coleccion42_Un-pajaro-consigna_por-Victor-Atobas-416x483.png 416w\" sizes=\"auto, (max-width: 881px) 100vw, 881px\" \/><br \/>\n&nbsp;<br \/>\n\u201cUn p\u00e1jaro consigna\u201d, V\u00edctor Atobas, 2025<br \/>\nT\u00e9cnica: pintura acr\u00edlica<br \/>\nSoporte: lienzo sobre bastidor (80x70cm)<br \/>\nEstado: a la venta (precio: 800\u20ac, gastos de env\u00edo no incluidos)<br \/>\n&nbsp;<\/p>\n<p>&nbsp;<\/p>\n<p>&nbsp;<\/p>\n","protected":false},"excerpt":{"rendered":"<p>&nbsp; \u201cUn p\u00e1jaro consigna\u201d, V\u00edctor Atobas, 2025 T\u00e9cnica: pintura acr\u00edlica Soporte: lienzo sobre bastidor (80x70cm) Estado: a la venta (precio: 800\u20ac, gastos de env\u00edo no incluidos) &nbsp; &nbsp; &nbsp;<\/p>\n","protected":false},"featured_media":266,"comment_status":"open","ping_status":"closed","template":"","meta":[],"product_brand":[],"product_cat":[20],"product_tag":[37,38],"class_list":{"0":"post-265","1":"product","2":"type-product","3":"status-publish","4":"has-post-thumbnail","6":"product_cat-pintura-tradicional","7":"product_tag-pintura","8":"product_tag-pintura-tradicional","9":"product_shipping_class-envio-nacional-espana-peninsular","11":"first","12":"instock","13":"sold-individually","14":"taxable","15":"shipping-taxable","16":"purchasable","17":"product-type-simple"},"jetpack_sharing_enabled":true,"_links":{"self":[{"href":"https:\/\/zoozobra.com\/atobasart\/wp-json\/wp\/v2\/product\/265","targetHints":{"allow":["GET"]}}],"collection":[{"href":"https:\/\/zoozobra.com\/atobasart\/wp-json\/wp\/v2\/product"}],"about":[{"href":"https:\/\/zoozobra.com\/atobasart\/wp-json\/wp\/v2\/types\/product"}],"replies":[{"embeddable":true,"href":"https:\/\/zoozobra.com\/atobasart\/wp-json\/wp\/v2\/comments?post=265"}],"wp:featuredmedia":[{"embeddable":true,"href":"https:\/\/zoozobra.com\/atobasart\/wp-json\/wp\/v2\/media\/266"}],"wp:attachment":[{"href":"https:\/\/zoozobra.com\/atobasart\/wp-json\/wp\/v2\/media?parent=265"}],"wp:term":[{"taxonomy":"product_brand","embeddable":true,"href":"https:\/\/zoozobra.com\/atobasart\/wp-json\/wp\/v2\/product_brand?post=265"},{"taxonomy":"product_cat","embeddable":true,"href":"https:\/\/zoozobra.com\/atobasart\/wp-json\/wp\/v2\/product_cat?post=265"},{"taxonomy":"product_tag","embeddable":true,"href":"https:\/\/zoozobra.com\/atobasart\/wp-json\/wp\/v2\/product_tag?post=265"}],"curies":[{"name":"wp","href":"https:\/\/api.w.org\/{rel}","templated":true}]}}