{"id":278,"date":"2026-01-04T23:02:56","date_gmt":"2026-01-04T23:02:56","guid":{"rendered":"https:\/\/zoozobra.com\/atobasart\/?post_type=product&#038;p=278"},"modified":"2026-01-04T23:02:56","modified_gmt":"2026-01-04T23:02:56","slug":"un-submarino-amarillo-y-conyugal","status":"publish","type":"product","link":"https:\/\/zoozobra.com\/atobasart\/producto\/un-submarino-amarillo-y-conyugal\/","title":{"rendered":"Un submarino amarillo y conyugal"},"content":{"rendered":"<p><img loading=\"lazy\" decoding=\"async\" src=\"https:\/\/zoozobra.com\/atobasart\/wp-content\/uploads\/2026\/01\/Un-submarino-amarillo-y-conyugal_Miniatura_por-Victor-Atobas.png\" alt=\"\" width=\"1150\" height=\"816\" class=\"alignright size-full wp-image-279\" srcset=\"https:\/\/zoozobra.com\/atobasart\/wp-content\/uploads\/2026\/01\/Un-submarino-amarillo-y-conyugal_Miniatura_por-Victor-Atobas.png 1150w, https:\/\/zoozobra.com\/atobasart\/wp-content\/uploads\/2026\/01\/Un-submarino-amarillo-y-conyugal_Miniatura_por-Victor-Atobas-300x213.png 300w, https:\/\/zoozobra.com\/atobasart\/wp-content\/uploads\/2026\/01\/Un-submarino-amarillo-y-conyugal_Miniatura_por-Victor-Atobas-1024x727.png 1024w, https:\/\/zoozobra.com\/atobasart\/wp-content\/uploads\/2026\/01\/Un-submarino-amarillo-y-conyugal_Miniatura_por-Victor-Atobas-768x545.png 768w, https:\/\/zoozobra.com\/atobasart\/wp-content\/uploads\/2026\/01\/Un-submarino-amarillo-y-conyugal_Miniatura_por-Victor-Atobas-416x295.png 416w\" sizes=\"auto, (max-width: 1150px) 100vw, 1150px\" \/><br \/>\n&nbsp;<br \/>\n\u201cUn submarino amarillo y conyugal\u201d, V\u00edctor Atobas, 2025<br \/>\nT\u00e9cnica: dibujo de t\u00e9cnica mixta<br \/>\nSoporte: papel tama\u00f1o A4 (21&#215;29,7cm)<br \/>\nEstado: a la venta (precio:150\u20ac, no incluye gastos de env\u00edo)<br \/>\n&nbsp;<\/p>\n<p>&nbsp;<\/p>\n<p>&nbsp;<\/p>\n","protected":false},"excerpt":{"rendered":"<p>&nbsp; \u201cUn submarino amarillo y conyugal\u201d, V\u00edctor Atobas, 2025 T\u00e9cnica: dibujo de t\u00e9cnica mixta Soporte: papel tama\u00f1o A4 (21&#215;29,7cm) Estado: a la venta (precio:150\u20ac, no incluye gastos de env\u00edo) &nbsp; &nbsp; &nbsp;<\/p>\n","protected":false},"featured_media":279,"comment_status":"open","ping_status":"closed","template":"","meta":[],"product_brand":[],"product_cat":[25],"product_tag":[27],"class_list":{"0":"post-278","1":"product","2":"type-product","3":"status-publish","4":"has-post-thumbnail","6":"product_cat-dibujos","7":"product_tag-dibujo","8":"product_shipping_class-envio-nacional-espana-peninsular","10":"first","11":"instock","12":"sold-individually","13":"taxable","14":"shipping-taxable","15":"purchasable","16":"product-type-simple"},"jetpack_sharing_enabled":true,"_links":{"self":[{"href":"https:\/\/zoozobra.com\/atobasart\/wp-json\/wp\/v2\/product\/278","targetHints":{"allow":["GET"]}}],"collection":[{"href":"https:\/\/zoozobra.com\/atobasart\/wp-json\/wp\/v2\/product"}],"about":[{"href":"https:\/\/zoozobra.com\/atobasart\/wp-json\/wp\/v2\/types\/product"}],"replies":[{"embeddable":true,"href":"https:\/\/zoozobra.com\/atobasart\/wp-json\/wp\/v2\/comments?post=278"}],"wp:featuredmedia":[{"embeddable":true,"href":"https:\/\/zoozobra.com\/atobasart\/wp-json\/wp\/v2\/media\/279"}],"wp:attachment":[{"href":"https:\/\/zoozobra.com\/atobasart\/wp-json\/wp\/v2\/media?parent=278"}],"wp:term":[{"taxonomy":"product_brand","embeddable":true,"href":"https:\/\/zoozobra.com\/atobasart\/wp-json\/wp\/v2\/product_brand?post=278"},{"taxonomy":"product_cat","embeddable":true,"href":"https:\/\/zoozobra.com\/atobasart\/wp-json\/wp\/v2\/product_cat?post=278"},{"taxonomy":"product_tag","embeddable":true,"href":"https:\/\/zoozobra.com\/atobasart\/wp-json\/wp\/v2\/product_tag?post=278"}],"curies":[{"name":"wp","href":"https:\/\/api.w.org\/{rel}","templated":true}]}}