{"id":280,"date":"2026-01-10T17:07:47","date_gmt":"2026-01-10T17:07:47","guid":{"rendered":"https:\/\/zoozobra.com\/atobasart\/?post_type=product&#038;p=280"},"modified":"2026-01-10T17:07:47","modified_gmt":"2026-01-10T17:07:47","slug":"un-caballito-de-mar-en-el-caribe","status":"publish","type":"product","link":"https:\/\/zoozobra.com\/atobasart\/producto\/un-caballito-de-mar-en-el-caribe\/","title":{"rendered":"Un caballito de mar en el caribe"},"content":{"rendered":"<p><img loading=\"lazy\" decoding=\"async\" src=\"https:\/\/zoozobra.com\/atobasart\/wp-content\/uploads\/2026\/01\/Foto_Provisional_Un-caballito-de-mar-en-el-caribe_Coleccion44_por-Victor-Atobas.png\" alt=\"\" width=\"2051\" height=\"2348\" class=\"aligncenter size-full wp-image-281\" srcset=\"https:\/\/zoozobra.com\/atobasart\/wp-content\/uploads\/2026\/01\/Foto_Provisional_Un-caballito-de-mar-en-el-caribe_Coleccion44_por-Victor-Atobas.png 2051w, https:\/\/zoozobra.com\/atobasart\/wp-content\/uploads\/2026\/01\/Foto_Provisional_Un-caballito-de-mar-en-el-caribe_Coleccion44_por-Victor-Atobas-262x300.png 262w, https:\/\/zoozobra.com\/atobasart\/wp-content\/uploads\/2026\/01\/Foto_Provisional_Un-caballito-de-mar-en-el-caribe_Coleccion44_por-Victor-Atobas-894x1024.png 894w, https:\/\/zoozobra.com\/atobasart\/wp-content\/uploads\/2026\/01\/Foto_Provisional_Un-caballito-de-mar-en-el-caribe_Coleccion44_por-Victor-Atobas-768x879.png 768w, https:\/\/zoozobra.com\/atobasart\/wp-content\/uploads\/2026\/01\/Foto_Provisional_Un-caballito-de-mar-en-el-caribe_Coleccion44_por-Victor-Atobas-1342x1536.png 1342w, https:\/\/zoozobra.com\/atobasart\/wp-content\/uploads\/2026\/01\/Foto_Provisional_Un-caballito-de-mar-en-el-caribe_Coleccion44_por-Victor-Atobas-1789x2048.png 1789w, https:\/\/zoozobra.com\/atobasart\/wp-content\/uploads\/2026\/01\/Foto_Provisional_Un-caballito-de-mar-en-el-caribe_Coleccion44_por-Victor-Atobas-416x476.png 416w\" sizes=\"auto, (max-width: 2051px) 100vw, 2051px\" \/><br \/>\n&nbsp;<br \/>\n\u201cUn caballito de mar en el caribe\u201d, V\u00edctor Atobas, 2026<br \/>\nT\u00e9cnica: pintura acr\u00edlica<br \/>\nSoporte: lienzo sobre bastidor (80x70cm)<br \/>\nEstado: a la venta (precio: 800\u20ac, gastos de env\u00edo no incluidos)<br \/>\n&nbsp;<\/p>\n<p>&nbsp;<\/p>\n<p>&nbsp;<\/p>\n","protected":false},"excerpt":{"rendered":"<p>&nbsp; \u201cUn caballito de mar en el caribe\u201d, V\u00edctor Atobas, 2026 T\u00e9cnica: pintura acr\u00edlica Soporte: lienzo sobre bastidor (80x70cm) Estado: a la venta (precio: 800\u20ac, gastos de env\u00edo no incluidos) &nbsp; &nbsp; &nbsp;<\/p>\n","protected":false},"featured_media":281,"comment_status":"open","ping_status":"closed","template":"","meta":[],"product_brand":[],"product_cat":[20],"product_tag":[37,38],"class_list":{"0":"post-280","1":"product","2":"type-product","3":"status-publish","4":"has-post-thumbnail","6":"product_cat-pintura-tradicional","7":"product_tag-pintura","8":"product_tag-pintura-tradicional","9":"product_shipping_class-envio-nacional-espana-peninsular","11":"first","12":"instock","13":"sold-individually","14":"taxable","15":"shipping-taxable","16":"purchasable","17":"product-type-simple"},"jetpack_sharing_enabled":true,"_links":{"self":[{"href":"https:\/\/zoozobra.com\/atobasart\/wp-json\/wp\/v2\/product\/280","targetHints":{"allow":["GET"]}}],"collection":[{"href":"https:\/\/zoozobra.com\/atobasart\/wp-json\/wp\/v2\/product"}],"about":[{"href":"https:\/\/zoozobra.com\/atobasart\/wp-json\/wp\/v2\/types\/product"}],"replies":[{"embeddable":true,"href":"https:\/\/zoozobra.com\/atobasart\/wp-json\/wp\/v2\/comments?post=280"}],"wp:featuredmedia":[{"embeddable":true,"href":"https:\/\/zoozobra.com\/atobasart\/wp-json\/wp\/v2\/media\/281"}],"wp:attachment":[{"href":"https:\/\/zoozobra.com\/atobasart\/wp-json\/wp\/v2\/media?parent=280"}],"wp:term":[{"taxonomy":"product_brand","embeddable":true,"href":"https:\/\/zoozobra.com\/atobasart\/wp-json\/wp\/v2\/product_brand?post=280"},{"taxonomy":"product_cat","embeddable":true,"href":"https:\/\/zoozobra.com\/atobasart\/wp-json\/wp\/v2\/product_cat?post=280"},{"taxonomy":"product_tag","embeddable":true,"href":"https:\/\/zoozobra.com\/atobasart\/wp-json\/wp\/v2\/product_tag?post=280"}],"curies":[{"name":"wp","href":"https:\/\/api.w.org\/{rel}","templated":true}]}}