{"id":305,"date":"2026-02-08T23:02:14","date_gmt":"2026-02-08T23:02:14","guid":{"rendered":"https:\/\/zoozobra.com\/atobasart\/?post_type=product&#038;p=305"},"modified":"2026-02-08T23:02:14","modified_gmt":"2026-02-08T23:02:14","slug":"una-puntuacion-del-paisaje","status":"publish","type":"product","link":"https:\/\/zoozobra.com\/atobasart\/producto\/una-puntuacion-del-paisaje\/","title":{"rendered":"Una puntuaci\u00f3n del paisaje"},"content":{"rendered":"<p style=\"text-align: center;\"><a href=\"https:\/\/victoratobasart.etsy.com\/es\/listing\/4454718596\/una-puntuacion-del-paisaje-print\" target=\"_blank\" rel=\"noopener\">M\u00c1S DETALLES EN ETSY<\/a><\/p>\n<p style=\"text-align: center;\"><strong>Tambi\u00e9n se encuentra disponible el dibujo original (obra \u00fanica de tama\u00f1o A4: 21&#215;29,7cm)<\/strong><\/p>\n<p style=\"text-align: center;\"><strong>Consulta el precio en buzon2[@]zoozobra.com<\/strong><\/p>\n","protected":false},"excerpt":{"rendered":"<p>M\u00c1S DETALLES EN ETSY Tambi\u00e9n se encuentra disponible el dibujo original (obra \u00fanica de tama\u00f1o A4: 21&#215;29,7cm) Consulta el precio en buzon2[@]zoozobra.com<\/p>\n","protected":false},"featured_media":306,"comment_status":"open","ping_status":"closed","template":"","meta":[],"product_brand":[],"product_cat":[25],"product_tag":[103],"class_list":{"0":"post-305","1":"product","2":"type-product","3":"status-publish","4":"has-post-thumbnail","6":"product_cat-dibujos","7":"product_tag-dibujos","9":"first","10":"instock","11":"taxable","12":"shipping-taxable","13":"product-type-external"},"jetpack_sharing_enabled":true,"_links":{"self":[{"href":"https:\/\/zoozobra.com\/atobasart\/wp-json\/wp\/v2\/product\/305","targetHints":{"allow":["GET"]}}],"collection":[{"href":"https:\/\/zoozobra.com\/atobasart\/wp-json\/wp\/v2\/product"}],"about":[{"href":"https:\/\/zoozobra.com\/atobasart\/wp-json\/wp\/v2\/types\/product"}],"replies":[{"embeddable":true,"href":"https:\/\/zoozobra.com\/atobasart\/wp-json\/wp\/v2\/comments?post=305"}],"wp:featuredmedia":[{"embeddable":true,"href":"https:\/\/zoozobra.com\/atobasart\/wp-json\/wp\/v2\/media\/306"}],"wp:attachment":[{"href":"https:\/\/zoozobra.com\/atobasart\/wp-json\/wp\/v2\/media?parent=305"}],"wp:term":[{"taxonomy":"product_brand","embeddable":true,"href":"https:\/\/zoozobra.com\/atobasart\/wp-json\/wp\/v2\/product_brand?post=305"},{"taxonomy":"product_cat","embeddable":true,"href":"https:\/\/zoozobra.com\/atobasart\/wp-json\/wp\/v2\/product_cat?post=305"},{"taxonomy":"product_tag","embeddable":true,"href":"https:\/\/zoozobra.com\/atobasart\/wp-json\/wp\/v2\/product_tag?post=305"}],"curies":[{"name":"wp","href":"https:\/\/api.w.org\/{rel}","templated":true}]}}